common factor of v and 286?
26
Let a be 220/3*600/500. Let x(t) = -t**3 + 6*t**2 - 4*t - 5. Let m be x(4). Calculate the greatest common factor of a and m.
11
Suppose -2*s + 92 = 2*h + 2*h, -135 = -3*s - 5*h. Calculate the highest common divisor of 290 and s.
10
Let j be 121 - (6/7)/(26/182). Calculate the highest common factor of 46 and j.
23
Suppose 10*c + 3293 - 4093 = 0. Calculate the highest common divisor of c and 3920.
80
Suppose 4*v - 1320 = -5*h, -4*h + 0*v + 1056 = 3*v. What is the highest common factor of 24 and h?
24
Let l(w) = w**2 + 8*w - 28. Let u be l(-15). Let o be ((-35)/15)/(1/(-3)). Calculate the greatest common divisor of u and o.
7
Let p be 12/1*(-2 - -4). Let z = -56 - -52. Let v = z + 10. What is the greatest common factor of v and p?
6
Suppose 26 + 9 = 5*i + w, 5*i - 30 = -2*w. Suppose c - i = -0*c. What is the greatest common factor of c and 40?
8
Let s be 4 + (-2 - -1) + 147. Suppose -2*l = -5 - 3. Suppose -l*q + 8 = 0, -r = -5*q - 29 - s. Calculate the highest common divisor of r and 27.
27
Let f = 207 - 206. Calculate the highest common divisor of 37 and f.
1
Suppose g - 363 = 3*o, 0*o + 5*g - 473 = 4*o. Let z = 212 + o. Let r be (0 - 4)*z/(-8). What is the highest common factor of 18 and r?
9
Suppose -17*t + r + 46 = -15*t, -2*r = 5*t - 115. What is the highest common divisor of 644 and t?
23
Let s be ((-182)/28)/((-1)/2). Let o = 34 + -21. What is the greatest common divisor of o and s?
13
Suppose -10*k - 50 = -200. Suppose -i + 24 = -v, 3*v + 0 = k. What is the greatest common divisor of i and 29?
29
Suppose -n + 0*n + 21 = -2*u, -4*n = 4*u + 60. Let q(s) = -s**3 - 13*s**2 - 17*s - 15. Let i be q(u). What is the greatest common factor of i and 30?
15
Let u = -6 + 11. Suppose z = 9 + u. Let g(m) = -m**2 - 22*m - 38. Let f be g(-20). What is the highest common divisor of f and z?
2
Let t be (120/56)/((-12)/(-56)). Calculate the highest common divisor of 345 and t.
5
Let z(v) = v**3 + v**2 + 3*v + 5. Let c be z(3). Calculate the highest common factor of 10 and c.
10
Let s be 4/(-2) + -6 + 12. Suppose -2*r - 27 = -5*r + 4*f, -s*f = r + 7. Suppose r*k + 3 = 8, -111 = -2*l - 3*k. What is the greatest common divisor of l and 6?
6
Let h = 779 - 596. Calculate the greatest common factor of h and 305.
61
Let t = 275 - 263. Let w be (-2)/4 + 2/(-4). Let h be w*(-2)/(-1) + 14. Calculate the greatest common divisor of t and h.
12
Suppose 0 = -4*l - 16 + 104. Let a = -16 + l. Let n be ((-5312)/(-44))/4 - (-4)/(-22). Calculate the highest common divisor of a and n.
6
Let t be (-1 + 3)*1/2. Let s(r) = 3*r**3 - 2*r**2 + 1. Let a be s(t). Suppose -o = 101 - 117. What is the greatest common factor of o and a?
2
Suppose 4*f - 13 - 31 = 0. Calculate the highest common divisor of f and 143.
11
Suppose -4*k + 0*c + 8 = 5*c, 0 = 2*k - c - 4. Suppose -7 - 1 = -y. Calculate the highest common factor of k and y.
2
Let h(d) = 8*d**2 - 14*d + 44. Let n be h(6). Calculate the greatest common divisor of n and 93.
31
Suppose 5*d + 23 + 2 = z, 0 = d - 2. Calculate the highest common divisor of z and 20.
5
Let w be -78*(1 - 6/4). Suppose 2*b = -3*i + b + 8, 2*i - 2 = b. Let q be (34 - 9) + (3 - i). Calculate the highest common divisor of w and q.
13
Suppose -19*x + 16*x = -1326. Calculate the greatest common factor of x and 51.
17
Let l(c) = c + 31. Let s be l(-25). Let b(r) = r**2 - 5*r - 5. Let p be b(s). Calculate the highest common divisor of p and 1.
1
Let n = -762 + 355. Let g = n + 279. Let l = g - -184. What is the greatest common factor of l and 8?
8
Let t be (-3)/15 + 2684/20. Let i = -101 + t. Calculate the highest common divisor of 55 and i.
11
Suppose -7*b + 268 = -229. Let l = 89 - b. Calculate the greatest common divisor of l and 144.
18
Let i be (-16)/8*2/2. Let j be 48/28*(-7)/i. Let b = 21 + j. What is the highest common factor of b and 3?
3
Suppose 4*l = -2 + 10. Suppose -4*s = -d + 83, 5*d - 420 + 115 = -l*s. Let y(b) = 2*b**2 - 3*b. Let m be y(3). What is the highest common factor of m and d?
9
Suppose -4*f - 13 = -5*f - 4*v, -v - 9 = 2*f. Let z = f + 11. Suppose -2*c - z - 2 = 5*h, 5*h + 20 = 0. Calculate the greatest common divisor of c and 63.
7
Suppose -g = -45 - 230. Let i(l) = -5*l + 140. Let w be i(23). Calculate the highest common divisor of w and g.
25
Let s be 32 + (-5 - (4 - 13)). Calculate the highest common factor of 48 and s.
12
Suppose -19*d - 21*d + 1200 = 0. Calculate the greatest common divisor of 1665 and d.
15
Let s(r) = -r**2 - 8*r - 4. Let f be s(-7). Let l(y) = 2*y**3 + 4*y**2 - 2*y - 2. Let x be l(f). What is the highest common factor of 123 and x?
41
Let t = -72 + 78. Calculate the highest common factor of t and 3.
3
Suppose 22*n - 169 = 17*n - 4*t, -181 = -5*n - t. What is the highest common divisor of n and 74?
37
Suppose x - 36 - 15 = -2*c, -2*c + 3*x = -47. What is the greatest common divisor of 425 and c?
25
Suppose -4*v + 24*b - 19*b = -491, 0 = -v + 4*b + 120. What is the greatest common factor of v and 62?
62
Let y = 19 - -5. Calculate the highest common divisor of 12 and y.
12
Let l = -380 - -674. What is the greatest common factor of 196 and l?
98
Let k(r) = 55*r + 110. Let g be k(8). Calculate the highest common divisor of g and 50.
50
Let i = 53 + -49. Suppose g + 1 = 3*w - i, 5*g = -4*w + 32. What is the greatest common factor of w and 3?
3
Suppose -g - 726 = p - 5*p, -906 = -5*p + 2*g. Let l(c) = c**2 - 2*c - 9. Let m be l(-5). What is the highest common factor of p and m?
26
Let b = -349 - -395. Calculate the greatest common factor of 2 and b.
2
Suppose 0 = -6*l + 55 + 215. Calculate the greatest common factor of 360 and l.
45
Let q(h) = -h**3 - 9*h**2 - 10*h. Let u(y) = 3*y + 1. Let r be 3/(-4) + (-27)/12. Let x be u(r). Let n be q(x). What is the greatest common factor of 48 and n?
16
Let c(s) = -s + 14. Let r be (1 - -3)/(-2) + 4. Let p be c(r). What is the greatest common divisor of p and 4?
4
Let p = -30 + 34. Suppose -29 = -r - p*s + 13, -95 = -5*r + 3*s. Calculate the highest common factor of r and 242.
22
Let i be (-47 - -44) + 1 + 0 + 10. Let q(b) = -b - 1. Let x be q(-7). What is the greatest common divisor of x and i?
2
Let o(q) = q**3 - 23*q**2 - 19*q + 4. Let y be o(25). Calculate the highest common factor of y and 41.
41
Suppose -48 = -10*x - 18. Calculate the highest common divisor of 21 and x.
3
Suppose -5*p - 9 - 11 = 0. Let l be 1/2 - 26/p. Let w(i) = i**3 - 8*i - 2. Let k be w(3). Calculate the highest common factor of k and l.
1
Let x(a) = -a**2 + 7*a + 14. Let v be x(6). Suppose 2*w - 400 = w. Let z be (18/4)/(v/w). What is the highest common divisor of 36 and z?
18
Suppose o - 2*s = 14, 3*o + 3*s - 4*s = 32. Let t be 254/o - (-8)/(280/21). Calculate the highest common factor of t and 26.
26
Let r(x) = 13*x + 1. Let t(u) = u**3 - 5*u**2 - 7*u + 7. Let h be t(6). Let p be r(h). Let o = -542 + 549. Calculate the greatest common divisor of p and o.
7
Suppose -40 + 250 = 5*s - j, 5*s + 2*j = 195. Calculate the greatest common divisor of 369 and s.
41
Suppose 352 = -30*y + 742. Suppose 4*v - 429 = -3*r - 0*v, 0 = -r + 2*v + 143. Calculate the greatest common factor of r and y.
13
Let g be (1*(0 - -2))/1. Suppose 0 = g*t + t + 105. Let v = t + 65. Calculate the highest common divisor of v and 12.
6
Suppose 0 = 4*g + 5*i - 99, 127*i = -g + 129*i + 15. Suppose 2*s + 4*j + j = 61, 0 = -2*s - 3*j + 59. What is the greatest common factor of g and s?
7
Let b = 71 - 49. Suppose -i = -62 + b. Calculate the greatest common divisor of i and 10.
10
Suppose 17 = 4*f - 3*y - 73, -2*y = -4. Calculate the highest common factor of f and 344.
8
Let l = -868 + 876. Calculate the greatest common factor of 4 and l.
4
Let t be (-26)/(-7) - (-4)/14. Suppose -2*r + 0*g + 34 = -t*g, -r - 3*g = -32. Let d be (-98)/(-2) + 7/((-14)/6). What is the greatest common factor of d and r?
23
Let y(p) = -84*p - 60. Let f be y(-3). What is the greatest common divisor of f and 144?
48
Let a be -9 + 4 + (904 - (-2 - -1)). What is the highest common factor of 36 and a?
36
Let p = 725 + -497. Calculate the highest common factor of 48 and p.
12
Suppose 16*h - 23 = 137. What is the greatest common factor of 150 and h?
10
Suppose -5*r = -2*v - 3*v - 30, 2*r + 18 = -4*v. Calculate the greatest common factor o